the first derivative of p(d). What is w(4)?
15
Suppose 3*f - 15 = 2*f. Let d(x) = 2 - 1 - 11 - 14*x + f*x. Calculate d(8).
-2
Suppose -27 = -4*o - 3*i, -3*o + 3*i = 9 - 3. Let t(s) = 4 + 0*s + o*s + 2*s - 2*s. Let w(p) = -5*p**2 + p + 1. Let y be w(-1). Calculate t(y).
-11
Let z(f) = 4*f**3 - 3*f**2 - 7*f + 2. Let g(h) = -2*h**3 + 2*h - 1. Suppose 11 = 8*l + 19. Let n(q) = l*z(q) - 3*g(q). Calculate n(-3).
-29
Let o(j) be the third derivative of -j**8/20160 + j**7/504 - j**6/60 + j**5/30 + 13*j**4/24 - 3*j**2. Let b(m) be the third derivative of o(m). Calculate b(8).
4
Let o(l) be the third derivative of -l**4/8 + l**3/3 - 853*l**2. Calculate o(-9).
29
Let z = 77 + -60. Suppose -3*x = 7*w - 2*w - z, 19 = 5*x - w. Let i(t) = -14*t + 12. Let n(y) = -y + 1. Let b(c) = i(c) - 12*n(c). Calculate b(x).
-8
Let b(f) be the third derivative of 0*f - f**3 + 11 + 1/15*f**5 + 1/6*f**4 + f**2 - 1/120*f**6. Let d(h) = -h**2 - 6*h - 1. Let p be d(-5). Calculate b(p).
10
Let c(k) = 2*k**2 + k - 1. Suppose -413 = -48*v - 11*v. Suppose 3*g - 32 = -5. Let s = v - g. Determine c(s).
5
Let h(v) be the second derivative of -v**4/12 - 13*v**3/3 - 27*v**2 + 3*v + 1536. Calculate h(-24).
-6
Suppose a + 3*a = 12. Let k(p) = 4*p + 130*p**3 + 4 + p**2 - 128*p**3 + a*p**2 - 3*p. Calculate k(-3).
-17
Let i(b) be the third derivative of -b**4/3 - 17*b**3/3 + 1958*b**2 - b. What is i(-6)?
14
Let q(x) = 4*x**2 + x - 2. Suppose 31*r + 1015 = 2*r. Let v be (-2)/(r/20 + 2/(-8)). Give q(v).
3
Let i(c) = c**2 + 33*c + 255. Let d be i(-13). Let n(b) = 2*b + 3 + b**3 + 5*b**2 - 1 + 4 - 5. What is n(d)?
-9
Let y be 2/5*20*5/20. Let u(g) = 3 - 16*g + 4*g - g**y + 11*g. Suppose 3*v + 4*k + 20 = 0, 20 = 2*v + 2*v - 4*k. What is u(v)?
3
Let k = -86 - -90. Let w = 8 - k. Let v(h) = -4*h + 12. Let m be v(w). Let n(j) = -j**3 - 4*j**2 + 2. Give n(m).
2
Let q(k) = k + 0*k + 0*k + 5. Suppose -3 = -0*m + m + l, 5*m - 1 = -l. Suppose 5*s + 26 = m. Give q(s).
0
Let r(z) = 35*z**3 + z**2 - 2*z + 2. Let c = 5325 + -5324. What is r(c)?
36
Let c(r) = -2*r**2 + 3*r + 3. Suppose -m + 13 = 4*o, -3*o + 17*m - 19*m + 16 = 0. Determine c(o).
1
Let o = 70 - 29. Let m = o - 38. Suppose 3*v = -m + 12. Let d(w) = w**3 - 3*w**2 + 5*w - 4. What is d(v)?
11
Let x(o) be the first derivative of o**4/4 - 11*o**3/3 - 25*o**2/2 - 11*o + 2295. Give x(13).
2
Let j(z) = -z - 43. Suppose 43 = -3*a - 89. Let r be j(a). Let s(h) = h**3 + 2*h**2 - h. Give s(r).
2
Let m be (-204)/(-36) + (-2)/(-6). Let u(y) = y**2 + y - 2*y - 96 + 98 + 0*y - 6*y. Give u(m).
-4
Let k(i) = i**2 - i - 7. Let l be k(7). Let o = l + -32. Suppose -2*p + o*u + 5 = -p, -3*p = -5*u - 15. Let q(x) = x**2 - 4*x + 4. What is q(p)?
9
Suppose -3*k = -0*k + 21. Suppose -5*f + 2*f = -2*h - 28, f = -4*h + 28. Let z(p) = 5*p + f - 2*p - 6. What is z(k)?
-15
Let t be (342/180 + (-18)/(-4))*(-10)/4. Let j(r) = r**2 + 12*r - 10. Calculate j(t).
54
Let f(c) = 7*c**2 - 3*c + 4. Suppose 12*x + 173 - 197 = 0. Calculate f(x).
26
Let d(a) = a**2 - 8*a + 1. Suppose 0 = -23*b + 20*b + 24. Suppose 2*w + b = 3*w. Give d(w).
1
Let b(c) = -c**3 + 3*c**2 + 3*c + 2. Let u(n) be the third derivative of -3/8*n**4 + 3*n**3 + 0 + 0*n + 1/60*n**5 - 21*n**2. Let k be u(7). Calculate b(k).
-2
Let o(q) = -2*q**3 - 5*q**2 - 2*q + 10. Let m(y) = -y**3 - 6*y**2 - 2*y + 9. Let l = 103 - 106. Let u(n) = l*m(n) + 2*o(n). Determine u(8).
9
Let b(m) = m**2 + 2*m + 3. Let i be (-3)/9 - 632/(-6). Let k = i - 107. Calculate b(k).
3
Suppose -2*y = -18*y + 576. Let z(j) = 72 + j - 28 - y. Calculate z(-10).
-2
Let v(t) = -t**3 + 4*t**2 - 7*t + 4. Let c be v(4). Let p(q) = q + 32. Let m be p(c). Let w(y) = y**2 - 8*y - 1. Calculate w(m).
-1
Let v(u) = -369 - 2*u**2 - 3*u**2 - 3*u + 3*u**3 + 365 - 3*u. Let j(i) = -10*i**3 + 16*i**2 + 19*i + 12. Let g(h) = -2*j(h) - 7*v(h). What is g(4)?
4
Let d = -2 - 3. Let b(n) = 4*n**2 - 5*n**3 - 2*n**3 + 6*n**3 - 29*n + 6 + 28*n - 10*n**2. What is b(d)?
-14
Let y(v) = v - 6. Let t(x) = -7*x - 2. Let w be t(-2). Let p be w/((-3)/1) - -10. Suppose 5*f + p = c + 3*f, 0 = -4*c + 2*f + 24. What is y(c)?
0
Let k(m) = -8 - 27 - 33*m**2 + 37 - 3*m. Give k(1).
-34
Let h(i) = 4*i + 1. Let w be h(2). Let g be 4/(-3) - 42/w. Let y(q) = 4 - 3 + 3 + 451*q - 450*q. Determine y(g).
-2
Let q = 196 + -108. Suppose 0 = 15*i - 7*i - q. Let x(z) = z**2 - 11*z + 11. Determine x(i).
11
Let i(p) be the first derivative of -p**5/20 + p**4/6 + p**3/2 + 3*p**2/2 + 109*p + 3. Let c(x) be the first derivative of i(x). Determine c(3).
3
Let i(k) = -148*k - 19977. Let c be i(-135). Let o(z) = -z**3 + 2*z**2 + 4*z - z**3 + 0*z + 1. Calculate o(c).
-23
Let a(l) be the second derivative of -l**7/2520 + l**6/90 - l**5/20 - l**4/2 - 2*l**2 - 3*l. Let w(i) be the third derivative of a(i). Determine w(11).
-39
Let v(k) = 12*k**3 - 3*k**2 - 2*k - 6. Let x(q) = 3*q**3 + q**2 + 2. Let a(o) = v(o) + 4*x(o). Determine a(1).
25
Let i(j) be the third derivative of -j**4/4 - 3*j**3 - 2*j**2. Let q(l) = 7*l + 19. Let o(g) = 6*i(g) + 5*q(g). Suppose 96 = -13*a - 47. Determine o(a).
-2
Let f = -11816 - -11812. Let i(y) = y**2 + 76*y + 291. Give i(f).
3
Let l(t) = -3*t - 299. Let f(i) = 5*i + 479. Let k(j) = -5*f(j) - 8*l(j). Suppose 3*z - 2*c + 17 = 0, 0*z - 3*z = 4*c + 11. Give k(z).
2
Suppose -7*r + 2*r = -30. Let y(a) = -3*a**2 + 24*a + 6. Calculate y(r).
42
Let p(q) = -q - 14 + 49 - 20 - 15. Determine p(2).
-2
Let y = 36 - 24. Suppose 7*f + 95 = y*f. Suppose 10 = 2*n, -2*n - 2 = -u - f. Let j(o) = -o**3 - 7*o**2 + 2*o + 1. Give j(u).
-13
Let z(u) = u**2 + 9*u - 194. Let x be z(-19). Let h be 4/(-10)*(-50)/20. Let r be h/x - (-4)/(64/84). Let l(d) = d**3 - 6*d**2 + 5*d + 2. Determine l(r).
2
Let v(j) = -j**3 - 10*j**2 + 10. Let b = 1206 + -574. Let x be (b/(-32) - -16)/(3/8). Determine v(x).
10
Suppose -2*b + 2*w - 8 = 0, 4*b + 5*w - 20 = 2*b. Suppose 12*n = 48 + 60. Let z(c) = c + 14*c**2 - 4*c**2 - n - 9*c**2. Calculate z(b).
-9
Let b(n) = n + 3. Suppose -3 = 4*p - 19. Suppose 0*g - 4*g = -p*c - 20, 2*g = -4*c + 40. Let r(t) = -2*t**2 + 21*t - 10. Let m be r(g). Calculate b(m).
3
Let m(q) = -1. Let j(z) = 2*z + 12. Let u(l) = j(l) + 10*m(l). Let v(o) = -5*o - 6. Let x(c) = -9*u(c) - 4*v(c). Determine x(-7).
-8
Suppose 281 + 369 = 24*v + 218. Let s(t) = t**2 - 20*t + 30. What is s(v)?
-6
Let c(f) be the first derivative of -f**3 - 4*f**2 - 2*f + 502. Give c(-3).
-5
Let k(b) = b**3 + 11*b**2 + 9*b - 4. Let j(t) = -t**3 - 7*t**2 + 28*t - 30. Let n(q) = 4*q**2 + 58*q + 18. Let z be n(-14). Let h be j(z). Determine k(h).
6
Let d(v) = -v**2 - 6*v + 7. Let f be (-1 - -243)/((-8)/(9 + -1)). Let g = f - -236. What is d(g)?
7
Let q(z) = z**2 + 1. Let s(i) = -i**3 + 10*i**2 + i + 9. Let b(x) = -5*q(x) + s(x). Let n(g) = -g**2 + 17*g - 25. Let d be n(15). Calculate b(d).
9
Let c(u) be the third derivative of u**6/120 - 11*u**5/60 - 3*u**4/8 + 5894*u**2 - u. Determine c(12).
36
Let x(z) = -z**3 - 32*z**2 - 29*z + 74. Let w be x(-31). Let p(v) = -4*v - 9 - 4*v**3 + w*v + 3*v**3 + 4*v**2. Determine p(5).
6
Let j(b) = b**2 + 19*b + 18. Let w(m) = 373*m - 2255. Let q be w(6). What is j(q)?
-16
Let t(a) be the first derivative of -5/2*a**2 - 1/4*a**4 - 58 + 2*a - 2*a**3. Suppose 5*b = -0*b - 25. Determine t(b).
2
Suppose 2*v - 3*v = -8*v. Let z(d) = -2*d + 4 - 2 + v + 2*d + d. What is z(-6)?
-4
Let m(d) = 2*d - 1. Let t = 350 + -352. Let f be t + -2 + -2 + 3. What is m(f)?
-7
Suppose -5*c + 57 = 2*s, 725*c + 4*s + 81 = 730*c. Let d(o) = -o**3 + 13*o**2 + 2*o - 59. Give d(c).
-33
Let m(k) be the first derivative of -k**3/3 + 2*k**2 + 15*k + 7960. Determine m(7).
-6
Let u(a) = -13*a**2 - 2*a + 1. Let t be 30500/2500 + (-2)/10. Suppose 3*s + 14 = 8*s - q, q + 8 = 3*s. Suppose -9*d = s - t. Give u(d).
-14
Let m = 306 + -635. Let z = m - -326. Let l(n) = 2 + 2*n - 1 - 4*n. Calculate l(z).
7
Let c(v) = -2*v**3 - 2*v**2 - 3*v - 1. Suppose 0 = -l - 92 + 95. Let a be (4/(-6))/(1/l). Determine c(a).
13
Suppose -5*o + 2*j = -58, -21 = 4*o + j - 57. Suppose -6*s + o*s = 0. Suppose -g + 4 = 0, -4*f + 3*g - 9 - 31 = s. Let r(a) = a + 11. Give r(f).
4
Let j(m) = m**2 + 2*m. Let r be j(-3). Suppose 3*p + 4*u + 55 = -2*p, r*p + 6 = 3*u. Let f(z) = z**2 + 7*z + 9. Determine f(p).
9
Let j(q) = -12*q**2 - 27*q - 24. Let i(g) = 17*g**2 + 